{"id":357,"date":"2021-09-12T14:19:30","date_gmt":"2021-09-12T12:19:30","guid":{"rendered":"https:\/\/daniloadam.de\/?page_id=357"},"modified":"2021-10-10T16:41:52","modified_gmt":"2021-10-10T14:41:52","slug":"home","status":"publish","type":"page","link":"https:\/\/daniloadam.de\/","title":{"rendered":"Home"},"content":{"rendered":"\n<p>Willkommen, auf meiner Internetseite. Alle hier ver\u00f6ffentlichten Bilder sind von mir fotografiert und d\u00fcrfen nicht ohne mein Einverst\u00e4ndnis verwendet werden.<br>Viel Spa\u00df beim st\u00f6bern.<\/p>\n\n\n\n<div class=\"wp-block-columns is-layout-flex wp-container-core-columns-layout-1 wp-block-columns-is-layout-flex\">\n<div class=\"wp-block-column is-layout-flow wp-block-column-is-layout-flow\" style=\"flex-basis:66.66%\">\n<p class=\"has-text-align-right\"><strong>People and Portrait<\/strong><br>Ein Portrait, welches nicht die Charakteristik hervorlockt, ist wie ein Mensch ohne Geheimnisse.&nbsp;<br><em>\u2013 Andreas Otto<\/em><\/p>\n<\/div>\n\n\n\n<div class=\"wp-block-column is-layout-flow wp-block-column-is-layout-flow\" style=\"flex-basis:33.33%\">\n<figure class=\"wp-block-image size-full\"><a href=\"\/?page_id=442\"><img loading=\"lazy\" decoding=\"async\" width=\"960\" height=\"639\" src=\"https:\/\/daniloadam.de\/wp-content\/uploads\/2021\/10\/Sep-25-2021-3-45-DSC_0855_960.jpg\" alt=\"\" class=\"wp-image-454\" srcset=\"https:\/\/daniloadam.de\/wp-content\/uploads\/2021\/10\/Sep-25-2021-3-45-DSC_0855_960.jpg 960w, https:\/\/daniloadam.de\/wp-content\/uploads\/2021\/10\/Sep-25-2021-3-45-DSC_0855_960-300x200.jpg 300w, https:\/\/daniloadam.de\/wp-content\/uploads\/2021\/10\/Sep-25-2021-3-45-DSC_0855_960-768x511.jpg 768w\" sizes=\"(max-width: 960px) 100vw, 960px\" \/><\/a><\/figure>\n<\/div>\n<\/div>\n\n\n\n<div class=\"wp-block-columns is-layout-flex wp-container-core-columns-layout-2 wp-block-columns-is-layout-flex\">\n<div class=\"wp-block-column is-layout-flow wp-block-column-is-layout-flow\" style=\"flex-basis:33.33%\">\n<figure class=\"wp-block-image size-full\"><a href=\"\/?page_id=304\"><img loading=\"lazy\" decoding=\"async\" width=\"960\" height=\"640\" src=\"https:\/\/daniloadam.de\/wp-content\/uploads\/2021\/09\/Jun-17-2021-8-12-DSC_0289-1.jpg\" alt=\"\" class=\"wp-image-323\" srcset=\"https:\/\/daniloadam.de\/wp-content\/uploads\/2021\/09\/Jun-17-2021-8-12-DSC_0289-1.jpg 960w, https:\/\/daniloadam.de\/wp-content\/uploads\/2021\/09\/Jun-17-2021-8-12-DSC_0289-1-300x200.jpg 300w, https:\/\/daniloadam.de\/wp-content\/uploads\/2021\/09\/Jun-17-2021-8-12-DSC_0289-1-768x512.jpg 768w\" sizes=\"(max-width: 960px) 100vw, 960px\" \/><\/a><\/figure>\n<\/div>\n\n\n\n<div class=\"wp-block-column is-vertically-aligned-top is-layout-flow wp-block-column-is-layout-flow\" style=\"flex-basis:66.66%\">\n<p><strong>Animals<\/strong><br>Photographieren ist mehr als auf den Ausl\u00f6ser dr\u00fccken.&nbsp;<br><em>\u2013 Bettina Rheims<\/em><\/p>\n<\/div>\n<\/div>\n\n\n\n<div class=\"wp-block-columns is-layout-flex wp-container-core-columns-layout-3 wp-block-columns-is-layout-flex\">\n<div class=\"wp-block-column is-layout-flow wp-block-column-is-layout-flow\" style=\"flex-basis:66.66%\">\n<p class=\"has-text-align-right\"><strong>Streetart<\/strong><br>Mach sichtbar, was vielleicht ohne dich nie wahrgenommen&nbsp;worden w\u00e4re.&nbsp;<br><em>\u2013 Robert Bresson<\/em><\/p>\n<\/div>\n\n\n\n<div class=\"wp-block-column is-layout-flow wp-block-column-is-layout-flow\" style=\"flex-basis:33.33%\">\n<figure class=\"wp-block-image size-large\"><a href=\"\/?page_id=363\"><img loading=\"lazy\" decoding=\"async\" width=\"1024\" height=\"683\" src=\"https:\/\/daniloadam.de\/wp-content\/uploads\/2021\/09\/Aug-08-2021-11-20-DSC_0522-1024x683.jpg\" alt=\"\" class=\"wp-image-272\" srcset=\"https:\/\/daniloadam.de\/wp-content\/uploads\/2021\/09\/Aug-08-2021-11-20-DSC_0522-1024x683.jpg 1024w, https:\/\/daniloadam.de\/wp-content\/uploads\/2021\/09\/Aug-08-2021-11-20-DSC_0522-300x200.jpg 300w, https:\/\/daniloadam.de\/wp-content\/uploads\/2021\/09\/Aug-08-2021-11-20-DSC_0522-768x512.jpg 768w, https:\/\/daniloadam.de\/wp-content\/uploads\/2021\/09\/Aug-08-2021-11-20-DSC_0522-1536x1024.jpg 1536w, https:\/\/daniloadam.de\/wp-content\/uploads\/2021\/09\/Aug-08-2021-11-20-DSC_0522.jpg 1920w\" sizes=\"(max-width: 1024px) 100vw, 1024px\" \/><\/a><\/figure>\n<\/div>\n<\/div>\n\n\n\n<div class=\"wp-block-columns is-layout-flex wp-container-core-columns-layout-4 wp-block-columns-is-layout-flex\">\n<div class=\"wp-block-column is-layout-flow wp-block-column-is-layout-flow\" style=\"flex-basis:33.33%\">\n<figure class=\"wp-block-image size-full\"><a href=\"\/?page_id=305\"><img loading=\"lazy\" decoding=\"async\" width=\"960\" height=\"640\" src=\"https:\/\/daniloadam.de\/wp-content\/uploads\/2021\/09\/Dez-19-2020-9-10-DSC_0300.jpg\" alt=\"\" class=\"wp-image-408\" srcset=\"https:\/\/daniloadam.de\/wp-content\/uploads\/2021\/09\/Dez-19-2020-9-10-DSC_0300.jpg 960w, https:\/\/daniloadam.de\/wp-content\/uploads\/2021\/09\/Dez-19-2020-9-10-DSC_0300-300x200.jpg 300w, https:\/\/daniloadam.de\/wp-content\/uploads\/2021\/09\/Dez-19-2020-9-10-DSC_0300-768x512.jpg 768w\" sizes=\"(max-width: 960px) 100vw, 960px\" \/><\/a><\/figure>\n<\/div>\n\n\n\n<div class=\"wp-block-column is-layout-flow wp-block-column-is-layout-flow\" style=\"flex-basis:66.66%\">\n<p><strong>Landscape<\/strong><br>Natur fotografieren ist Erleben aus erster Hand.&nbsp;<br><em>\u2013 Fritz P\u00f6lking<\/em><\/p>\n<\/div>\n<\/div>\n\n\n\n<p>  <\/p>\n\n\n\n<p>  <\/p>\n\n\n\n<p><\/p>\n\n\n\n<p><\/p>\n","protected":false},"excerpt":{"rendered":"<p>Willkommen, auf meiner Internetseite. Alle hier ver\u00f6ffentlichten Bilder sind von mir fotografiert und d\u00fcrfen nicht ohne mein Einverst\u00e4ndnis verwendet werden.Viel Spa\u00df beim st\u00f6bern. People and PortraitEin Portrait, welches nicht die Charakteristik hervorlockt, ist wie ein Mensch ohne Geheimnisse.&nbsp;\u2013 Andreas Otto AnimalsPhotographieren ist mehr als auf den Ausl\u00f6ser dr\u00fccken.&nbsp;\u2013 Bettina Rheims StreetartMach sichtbar, was vielleicht ohne [&hellip;]<\/p>\n","protected":false},"author":2,"featured_media":0,"parent":0,"menu_order":0,"comment_status":"closed","ping_status":"closed","template":"","meta":{"footnotes":""},"_links":{"self":[{"href":"https:\/\/daniloadam.de\/index.php?rest_route=\/wp\/v2\/pages\/357"}],"collection":[{"href":"https:\/\/daniloadam.de\/index.php?rest_route=\/wp\/v2\/pages"}],"about":[{"href":"https:\/\/daniloadam.de\/index.php?rest_route=\/wp\/v2\/types\/page"}],"author":[{"embeddable":true,"href":"https:\/\/daniloadam.de\/index.php?rest_route=\/wp\/v2\/users\/2"}],"replies":[{"embeddable":true,"href":"https:\/\/daniloadam.de\/index.php?rest_route=%2Fwp%2Fv2%2Fcomments&post=357"}],"version-history":[{"count":11,"href":"https:\/\/daniloadam.de\/index.php?rest_route=\/wp\/v2\/pages\/357\/revisions"}],"predecessor-version":[{"id":471,"href":"https:\/\/daniloadam.de\/index.php?rest_route=\/wp\/v2\/pages\/357\/revisions\/471"}],"wp:attachment":[{"href":"https:\/\/daniloadam.de\/index.php?rest_route=%2Fwp%2Fv2%2Fmedia&parent=357"}],"curies":[{"name":"wp","href":"https:\/\/api.w.org\/{rel}","templated":true}]}}